{"id":7,"date":"2026-01-19T14:49:18","date_gmt":"2026-01-19T12:49:18","guid":{"rendered":"https:\/\/vexidev.mediamies.fi\/?page_id=7"},"modified":"2026-01-22T17:56:04","modified_gmt":"2026-01-22T15:56:04","slug":"oulu2026","status":"publish","type":"page","link":"https:\/\/vexidev.mediamies.fi\/","title":{"rendered":"oulu2026"},"content":{"rendered":"\n<div class=\"wp-block-cover alignfull\"><img loading=\"lazy\" decoding=\"async\" width=\"1024\" height=\"683\" class=\"wp-block-cover__image-background wp-image-18 size-large\" alt=\"\" src=\"https:\/\/vexidev.mediamies.fi\/wp-content\/uploads\/2026\/01\/255261-1-1024x683.jpg\" data-object-fit=\"cover\" srcset=\"https:\/\/vexidev.mediamies.fi\/wp-content\/uploads\/2026\/01\/255261-1-1024x683.jpg 1024w, https:\/\/vexidev.mediamies.fi\/wp-content\/uploads\/2026\/01\/255261-1-300x200.jpg 300w, https:\/\/vexidev.mediamies.fi\/wp-content\/uploads\/2026\/01\/255261-1-768x512.jpg 768w, https:\/\/vexidev.mediamies.fi\/wp-content\/uploads\/2026\/01\/255261-1.jpg 1500w\" sizes=\"auto, (max-width: 1024px) 100vw, 1024px\" \/><span aria-hidden=\"true\" class=\"wp-block-cover__background has-ast-global-color-6-background-color has-background-dim-60 has-background-dim\"><\/span><div class=\"wp-block-cover__inner-container is-layout-constrained wp-block-cover-is-layout-constrained\">\n<h1 class=\"wp-block-heading has-text-align-center has-ast-global-color-4-color has-text-color has-link-color has-large-font-size wp-elements-851028969faa7e23c62d517ab8aeb9a6\">Oulu Euroopan kulttuurip\u00e4\u00e4kaupunki 2026<br>Oulu 2026 European Capital of Culture<\/h1>\n\n\n\n<h5 class=\"wp-block-heading has-text-align-center has-ast-global-color-4-color has-text-color has-link-color wp-elements-d3ffbd37f4b1951464df5dd434cc0c93\">&#8211; Publisher: Allitien kulttuurikeskus ry &#8211;<\/h5>\n<\/div><\/div>\n\n\n\n<div class=\"wp-block-uagb-container uagb-block-57938d88 alignfull uagb-is-root-container\"><div class=\"uagb-container-inner-blocks-wrap\">\n<div class=\"wp-block-uagb-container uagb-block-5779e5af\">\n<h2 class=\"wp-block-heading has-text-align-center\">Yrj\u00f6 Kallinen<\/h2>\n\n\n\n<p class=\"has-text-align-center\">15. kes\u00e4kuuta 1886 Oulujoki <br>\u2013 <br>1. tammikuuta 1976 Helsinki&nbsp;<\/p>\n<\/div>\n\n\n\n<div class=\"wp-block-uagb-container uagb-block-4d195515\">\n<figure class=\"wp-block-image size-full\"><img loading=\"lazy\" decoding=\"async\" width=\"1920\" height=\"1328\" src=\"https:\/\/vexidev.mediamies.fi\/wp-content\/uploads\/2026\/01\/Yrjo-Kallinen-1966.jpg\" alt=\"\" class=\"wp-image-26\" srcset=\"https:\/\/vexidev.mediamies.fi\/wp-content\/uploads\/2026\/01\/Yrjo-Kallinen-1966.jpg 1920w, https:\/\/vexidev.mediamies.fi\/wp-content\/uploads\/2026\/01\/Yrjo-Kallinen-1966-300x208.jpg 300w, https:\/\/vexidev.mediamies.fi\/wp-content\/uploads\/2026\/01\/Yrjo-Kallinen-1966-1024x708.jpg 1024w, https:\/\/vexidev.mediamies.fi\/wp-content\/uploads\/2026\/01\/Yrjo-Kallinen-1966-768x531.jpg 768w, https:\/\/vexidev.mediamies.fi\/wp-content\/uploads\/2026\/01\/Yrjo-Kallinen-1966-1536x1062.jpg 1536w\" sizes=\"auto, (max-width: 1920px) 100vw, 1920px\" \/><\/figure>\n\n\n\n<h2 class=\"wp-block-heading\">&nbsp;Legenda jo el\u00e4ess\u00e4\u00e4n&nbsp;<\/h2>\n\n\n\n<h5 class=\"wp-block-heading\">Tunnetko suomalaisen henkil\u00f6n, joka on tuomittu nelj\u00e4 kertaa kuolemaan, oli pasifisti ja Suomen hallituksessa puolustusministeri 1946-48? <br><br>Tunnetko koko maailmassa ket\u00e4\u00e4n, jolla on v\u00e4rikk\u00e4\u00e4mpi el\u00e4m\u00e4ntarina? Me emme edes yrit\u00e4 kertoa Kallisesta kaikkea, Sin\u00e4 saat ottaa h\u00e4nest\u00e4 selv\u00e4\u00e4. <\/h5>\n\n\n\n<p>Vuosi 2026 on Yrj\u00f6 Kallisen juhlavuosi &#8211; 140 vuotta syntym\u00e4st\u00e4 &#8211; ja muistelemista riitt\u00e4\u00e4: kansakoulun k\u00e4ynyt opetusneuvos; kuolemaantuomittu pasifisti ja puolustusministeri; ammattiyhdistysaktiivi; Oulun ty\u00f6v\u00e4en neuvoston sihteeri; osuuskauppaliikkeen kehitt\u00e4j\u00e4; mukana perustamassa Suomen Kansan Demokraattista Liittoa (SKDL); Suomen Sosialidemokraattisen Puolueen (SDP) kansanedustaja; Ty\u00f6v\u00e4en Sivistysliiton (TSL) puheenjohtaja; Suomen YK-liiton hallituksen j\u00e4sen; Intian ja Suomalais-amerikkalaisen yst\u00e4vyysseuran j\u00e4sen; Helsingin vapaa-ajattelijoiden j\u00e4sen; kirjailija (yli 10 teosta) ym. <\/p>\n\n\n\n<p>Yrj\u00f6 Kallinen tulee tutuksi seminaareissa, elokuvassa, n\u00e4yttelyiss\u00e4 ja tapahtumissa Oulu 2026 Euroopan Kulttuurip\u00e4\u00e4kaupunki -vuoden aikana. Kerromme n\u00e4ill\u00e4 sivuilla lis\u00e4\u00e4 kun tapahtumien ajankohdat varmistuvat.<\/p>\n\n\n\n<h5 class=\"wp-block-heading\">Lis\u00e4\u00e4 Yrj\u00f6 Kallisen historiasta:&nbsp;<\/h5>\n\n\n\n<ul class=\"wp-block-list\">\n<li>&nbsp;<a href=\"https:\/\/fi.wikipedia.org\/wiki\/Yrj%C3%B6_Kallinen\">https:\/\/fi.wikipedia.org\/wiki\/Yrj%C3%B6_Kallinen<\/a> <\/li>\n\n\n\n<li><a href=\"https:\/\/like.fi\/kirjat\/yrjo-kallisen-elama-ja-totuus \">https:\/\/like.fi\/kirjat\/yrjo-kallisen-elama-ja-totuus <\/a><\/li>\n\n\n\n<li><a href=\"https:\/\/puheenvuoro.uusisuomi.fi\/jormamelleri\/270340-yrjo-kallinen-kaveleva-paradoksi\/ \">https:\/\/puheenvuoro.uusisuomi.fi\/jormamelleri\/270340-yrjo-kallinen-kaveleva-paradoksi\/ <\/a><\/li>\n\n\n\n<li><a href=\"https:\/\/suomenkuvalehti.fi\/kotimaa\/tyovaenliikkeen-legenda-yrjo-kallinen-nostaa-paataan-uudessa-kirjassa-ja-youtubessa\/ \">https:\/\/suomenkuvalehti.fi\/kotimaa\/tyovaenliikkeen-legenda-yrjo-kallinen-nostaa-paataan-uudessa-kirjassa-ja-youtubessa\/ <\/a><\/li>\n\n\n\n<li><a href=\"https:\/\/jyx.jyu.fi\/jyx\/Record\/jyx_123456789_106186\">https:\/\/jyx.jyu.fi\/jyx\/Record\/jyx_123456789_106186<\/a> <\/li>\n\n\n\n<li><a href=\"https:\/\/www.suomalainen.com\/products\/puhumalla-paras-1?srsltid=AfmBOooXZWuC9O0-S5_7mPOeT9QogcpQEQjS1CqocHcjHYRB5O2JskxF&nbsp;\">https:\/\/www.suomalainen.com\/products\/puhumalla-paras-1?srsltid=AfmBOooXZWuC9O0-S5_7mPOeT9QogcpQEQjS1CqocHcjHYRB5O2JskxF&nbsp;<\/a><\/li>\n<\/ul>\n\n\n\n<p class=\"has-small-font-size\">Kuvan tiedot: Tekij\u00e4: Ensio Ilmonen \/ Lehtikuva &#8211; http:\/\/hs.mediadelivery.fi\/img\/1920\/4f85ef59df174d5b8a8636d292b83c0f.jpg, <br>Public Domain, https:\/\/commons.wikimedia.org\/w\/index.php?curid=76478847<\/p>\n<\/div>\n<\/div><\/div>\n\n\n\n<p><\/p>\n","protected":false},"excerpt":{"rendered":"<p>Yrj\u00f6 Kallinen 15. kes\u00e4kuuta 1886 Oulujoki \u2013 1. tammikuuta 1976 Helsinki&nbsp; &nbsp;Legenda jo el\u00e4ess\u00e4\u00e4n&nbsp; Tunnetko suomalaisen henkil\u00f6n, joka on tuomittu [&hellip;]<\/p>\n","protected":false},"author":1,"featured_media":0,"parent":0,"menu_order":0,"comment_status":"closed","ping_status":"closed","template":"","meta":{"_uag_custom_page_level_css":"","site-sidebar-layout":"default","site-content-layout":"","ast-site-content-layout":"default","site-content-style":"default","site-sidebar-style":"default","ast-global-header-display":"","ast-banner-title-visibility":"","ast-main-header-display":"","ast-hfb-above-header-display":"","ast-hfb-below-header-display":"","ast-hfb-mobile-header-display":"","site-post-title":"disabled","ast-breadcrumbs-content":"","ast-featured-img":"","footer-sml-layout":"","ast-disable-related-posts":"","theme-transparent-header-meta":"","adv-header-id-meta":"","stick-header-meta":"","header-above-stick-meta":"","header-main-stick-meta":"","header-below-stick-meta":"","astra-migrate-meta-layouts":"default","ast-page-background-enabled":"default","ast-page-background-meta":{"desktop":{"background-color":"var(--ast-global-color-5)","background-image":"","background-repeat":"repeat","background-position":"center center","background-size":"auto","background-attachment":"scroll","background-type":"","background-media":"","overlay-type":"","overlay-color":"","overlay-opacity":"","overlay-gradient":""},"tablet":{"background-color":"","background-image":"","background-repeat":"repeat","background-position":"center center","background-size":"auto","background-attachment":"scroll","background-type":"","background-media":"","overlay-type":"","overlay-color":"","overlay-opacity":"","overlay-gradient":""},"mobile":{"background-color":"","background-image":"","background-repeat":"repeat","background-position":"center center","background-size":"auto","background-attachment":"scroll","background-type":"","background-media":"","overlay-type":"","overlay-color":"","overlay-opacity":"","overlay-gradient":""}},"ast-content-background-meta":{"desktop":{"background-color":"var(--ast-global-color-4)","background-image":"","background-repeat":"repeat","background-position":"center center","background-size":"auto","background-attachment":"scroll","background-type":"","background-media":"","overlay-type":"","overlay-color":"","overlay-opacity":"","overlay-gradient":""},"tablet":{"background-color":"var(--ast-global-color-4)","background-image":"","background-repeat":"repeat","background-position":"center center","background-size":"auto","background-attachment":"scroll","background-type":"","background-media":"","overlay-type":"","overlay-color":"","overlay-opacity":"","overlay-gradient":""},"mobile":{"background-color":"var(--ast-global-color-4)","background-image":"","background-repeat":"repeat","background-position":"center center","background-size":"auto","background-attachment":"scroll","background-type":"","background-media":"","overlay-type":"","overlay-color":"","overlay-opacity":"","overlay-gradient":""}},"footnotes":""},"class_list":["post-7","page","type-page","status-publish","hentry"],"uagb_featured_image_src":{"full":false,"thumbnail":false,"medium":false,"medium_large":false,"large":false,"1536x1536":false,"2048x2048":false},"uagb_author_info":{"display_name":"retrofot","author_link":"https:\/\/vexidev.mediamies.fi\/?author=1"},"uagb_comment_info":0,"uagb_excerpt":"Yrj\u00f6 Kallinen 15. kes\u00e4kuuta 1886 Oulujoki \u2013 1. tammikuuta 1976 Helsinki&nbsp; &nbsp;Legenda jo el\u00e4ess\u00e4\u00e4n&nbsp; Tunnetko suomalaisen henkil\u00f6n, joka on tuomittu [&hellip;]","_links":{"self":[{"href":"https:\/\/vexidev.mediamies.fi\/index.php?rest_route=\/wp\/v2\/pages\/7","targetHints":{"allow":["GET"]}}],"collection":[{"href":"https:\/\/vexidev.mediamies.fi\/index.php?rest_route=\/wp\/v2\/pages"}],"about":[{"href":"https:\/\/vexidev.mediamies.fi\/index.php?rest_route=\/wp\/v2\/types\/page"}],"author":[{"embeddable":true,"href":"https:\/\/vexidev.mediamies.fi\/index.php?rest_route=\/wp\/v2\/users\/1"}],"replies":[{"embeddable":true,"href":"https:\/\/vexidev.mediamies.fi\/index.php?rest_route=%2Fwp%2Fv2%2Fcomments&post=7"}],"version-history":[{"count":10,"href":"https:\/\/vexidev.mediamies.fi\/index.php?rest_route=\/wp\/v2\/pages\/7\/revisions"}],"predecessor-version":[{"id":43,"href":"https:\/\/vexidev.mediamies.fi\/index.php?rest_route=\/wp\/v2\/pages\/7\/revisions\/43"}],"wp:attachment":[{"href":"https:\/\/vexidev.mediamies.fi\/index.php?rest_route=%2Fwp%2Fv2%2Fmedia&parent=7"}],"curies":[{"name":"wp","href":"https:\/\/api.w.org\/{rel}","templated":true}]}}

<div class="wp-block-cover alignfull"><img loading="lazy" decoding="async" width="1024" height="683" class="wp-block-cover__image-background wp-image-18 size-large" alt="" src="https://vexidev.mediamies.fi/wp-content/uploads/2026/01/255261-1-1024x683.jpg" data-object-fit="cover" srcset="https://vexidev.mediamies.fi/wp-content/uploads/2026/01/255261-1-1024x683.jpg 1024w, https://vexidev.mediamies.fi/wp-content/uploads/2026/01/255261-1-300x200.jpg 300w, https://vexidev.mediamies.fi/wp-content/uploads/2026/01/255261-1-768x512.jpg 768w, https://vexidev.mediamies.fi/wp-content/uploads/2026/01/255261-1.jpg 1500w" sizes="auto, (max-width: 1024px) 100vw, 1024px" /><span aria-hidden="true" class="wp-block-cover__background has-ast-global-color-6-background-color has-background-dim-60 has-background-dim"></span><div class="wp-block-cover__inner-container is-layout-constrained wp-block-cover-is-layout-constrained">
<h1 class="wp-block-heading has-text-align-center has-ast-global-color-4-color has-text-color has-link-color has-large-font-size wp-elements-851028969faa7e23c62d517ab8aeb9a6">Oulu Euroopan kulttuuripääkaupunki 2026<br>Oulu 2026 European Capital of Culture</h1>



<h5 class="wp-block-heading has-text-align-center has-ast-global-color-4-color has-text-color has-link-color wp-elements-d3ffbd37f4b1951464df5dd434cc0c93">&#8211; Publisher: Allitien kulttuurikeskus ry &#8211;</h5>
</div></div>



<div class="wp-block-uagb-container uagb-block-57938d88 alignfull uagb-is-root-container"><div class="uagb-container-inner-blocks-wrap">
<div class="wp-block-uagb-container uagb-block-5779e5af">
<h2 class="wp-block-heading has-text-align-center">Yrjö Kallinen</h2>



<p class="has-text-align-center">15. kesäkuuta 1886 Oulujoki <br>– <br>1. tammikuuta 1976 Helsinki&nbsp;</p>
</div>



<div class="wp-block-uagb-container uagb-block-4d195515">
<figure class="wp-block-image size-full"><img loading="lazy" decoding="async" width="1920" height="1328" src="https://vexidev.mediamies.fi/wp-content/uploads/2026/01/Yrjo-Kallinen-1966.jpg" alt="" class="wp-image-26" srcset="https://vexidev.mediamies.fi/wp-content/uploads/2026/01/Yrjo-Kallinen-1966.jpg 1920w, https://vexidev.mediamies.fi/wp-content/uploads/2026/01/Yrjo-Kallinen-1966-300x208.jpg 300w, https://vexidev.mediamies.fi/wp-content/uploads/2026/01/Yrjo-Kallinen-1966-1024x708.jpg 1024w, https://vexidev.mediamies.fi/wp-content/uploads/2026/01/Yrjo-Kallinen-1966-768x531.jpg 768w, https://vexidev.mediamies.fi/wp-content/uploads/2026/01/Yrjo-Kallinen-1966-1536x1062.jpg 1536w" sizes="auto, (max-width: 1920px) 100vw, 1920px" /></figure>



<h2 class="wp-block-heading">&nbsp;Legenda jo eläessään&nbsp;</h2>



<h5 class="wp-block-heading">Tunnetko suomalaisen henkilön, joka on tuomittu neljä kertaa kuolemaan, oli pasifisti ja Suomen hallituksessa puolustusministeri 1946-48? <br><br>Tunnetko koko maailmassa ketään, jolla on värikkäämpi elämäntarina? Me emme edes yritä kertoa Kallisesta kaikkea, Sinä saat ottaa hänestä selvää. </h5>



<p>Vuosi 2026 on Yrjö Kallisen juhlavuosi &#8211; 140 vuotta syntymästä &#8211; ja muistelemista riittää: kansakoulun käynyt opetusneuvos; kuolemaantuomittu pasifisti ja puolustusministeri; ammattiyhdistysaktiivi; Oulun työväen neuvoston sihteeri; osuuskauppaliikkeen kehittäjä; mukana perustamassa Suomen Kansan Demokraattista Liittoa (SKDL); Suomen Sosialidemokraattisen Puolueen (SDP) kansanedustaja; Työväen Sivistysliiton (TSL) puheenjohtaja; Suomen YK-liiton hallituksen jäsen; Intian ja Suomalais-amerikkalaisen ystävyysseuran jäsen; Helsingin vapaa-ajattelijoiden jäsen; kirjailija (yli 10 teosta) ym. </p>



<p>Yrjö Kallinen tulee tutuksi seminaareissa, elokuvassa, näyttelyissä ja tapahtumissa Oulu 2026 Euroopan Kulttuuripääkaupunki -vuoden aikana. Kerromme näillä sivuilla lisää kun tapahtumien ajankohdat varmistuvat.</p>



<h5 class="wp-block-heading">Lisää Yrjö Kallisen historiasta:&nbsp;</h5>



<ul class="wp-block-list">
<li>&nbsp;<a href="https://fi.wikipedia.org/wiki/Yrj%C3%B6_Kallinen">https://fi.wikipedia.org/wiki/Yrj%C3%B6_Kallinen</a> </li>



<li><a href="https://like.fi/kirjat/yrjo-kallisen-elama-ja-totuus ">https://like.fi/kirjat/yrjo-kallisen-elama-ja-totuus </a></li>



<li><a href="https://puheenvuoro.uusisuomi.fi/jormamelleri/270340-yrjo-kallinen-kaveleva-paradoksi/ ">https://puheenvuoro.uusisuomi.fi/jormamelleri/270340-yrjo-kallinen-kaveleva-paradoksi/ </a></li>



<li><a href="https://suomenkuvalehti.fi/kotimaa/tyovaenliikkeen-legenda-yrjo-kallinen-nostaa-paataan-uudessa-kirjassa-ja-youtubessa/ ">https://suomenkuvalehti.fi/kotimaa/tyovaenliikkeen-legenda-yrjo-kallinen-nostaa-paataan-uudessa-kirjassa-ja-youtubessa/ </a></li>



<li><a href="https://jyx.jyu.fi/jyx/Record/jyx_123456789_106186">https://jyx.jyu.fi/jyx/Record/jyx_123456789_106186</a> </li>



<li><a href="https://www.suomalainen.com/products/puhumalla-paras-1?srsltid=AfmBOooXZWuC9O0-S5_7mPOeT9QogcpQEQjS1CqocHcjHYRB5O2JskxF&nbsp;">https://www.suomalainen.com/products/puhumalla-paras-1?srsltid=AfmBOooXZWuC9O0-S5_7mPOeT9QogcpQEQjS1CqocHcjHYRB5O2JskxF&nbsp;</a></li>
</ul>



<p class="has-small-font-size">Kuvan tiedot: Tekijä: Ensio Ilmonen / Lehtikuva &#8211; http://hs.mediadelivery.fi/img/1920/4f85ef59df174d5b8a8636d292b83c0f.jpg, <br>Public Domain, https://commons.wikimedia.org/w/index.php?curid=76478847</p>
</div>
</div></div>



<p></p>

<p>Yrjö Kallinen 15. kesäkuuta 1886 Oulujoki – 1. tammikuuta 1976 Helsinki&nbsp; &nbsp;Legenda jo eläessään&nbsp; Tunnetko suomalaisen henkilön, joka on tuomittu [&hellip;]</p>

Yrjö Kallinen 15. kesäkuuta 1886 Oulujoki – 1. tammikuuta 1976 Helsinki&nbsp; &nbsp;Legenda jo eläessään&nbsp; Tunnetko suomalaisen henkilön, joka on tuomittu [&hellip;]
